?
False
Is 238141 composite?
False
Is 2844481 composite?
False
Is 1961129 prime?
True
Is 166931 composite?
False
Is 7121 composite?
False
Is 5773 composite?
True
Is 4406 a composite number?
True
Is 998983 a prime number?
True
Is 111187 prime?
True
Is 51403 prime?
False
Is 638555 composite?
True
Is 45667 composite?
False
Is 11777 composite?
False
Is 25007 composite?
True
Is 7985 composite?
True
Is 19587 a composite number?
True
Is 1471 prime?
True
Is 119083 a prime number?
True
Is 1068397 a composite number?
True
Is 37589 a composite number?
False
Is 64511 prime?
False
Is 9733 a prime number?
True
Is 266701 composite?
False
Is 321859 a composite number?
True
Is 6403 a composite number?
True
Is 61431 a prime number?
False
Is 4571 a composite number?
True
Is 8098 composite?
True
Is 1961 composite?
True
Is 1981919 prime?
True
Is 32867 a prime number?
False
Is 24943 composite?
False
Is 70157 a composite number?
False
Is 28463 composite?
False
Is 182051 a composite number?
True
Is 318622 prime?
False
Is 1037215 composite?
True
Is 17245 prime?
False
Is 11073 a composite number?
True
Is 51179 a composite number?
True
Is 436385 prime?
False
Is 1165903 prime?
True
Is 20873 composite?
False
Is 2167 composite?
True
Is 420659 composite?
True
Is 14141 a prime number?
False
Is 15871 a composite number?
True
Is 1637 prime?
True
Is 13813 a composite number?
True
Is 61597 a prime number?
False
Is 162871 a prime number?
False
Is 36037 a composite number?
False
Is 2921 a composite number?
True
Is 197527 a composite number?
True
Is 859189 prime?
True
Is 28537 a composite number?
False
Is 610763 a prime number?
True
Is 230891 composite?
False
Is 79159 prime?
True
Is 25523 a composite number?
False
Is 26077 composite?
True
Is 126257 a composite number?
False
Is 29615 prime?
False
Is 46873 prime?
False
Is 685 a prime number?
False
Is 288893 prime?
False
Is 3 prime?
True
Is 126257 a prime number?
True
Is 709557 prime?
False
Is 80639 composite?
True
Is 841559 composite?
False
Is 34313 a composite number?
False
Is 158113 composite?
False
Is 12889 prime?
True
Is 16715 composite?
True
Is 154009 a prime number?
False
Is 97673 prime?
True
Is 76763 composite?
True
Is 6115229 composite?
False
Is 32837 a prime number?
False
Is 26191 composite?
True
Is 184153 composite?
False
Is 2603 composite?
True
Is 21311 composite?
True
Is 458071 composite?
True
Is 809 a composite number?
False
Is 463 composite?
False
Is 59873 composite?
True
Is 1195067 a composite number?
False
Is 53981 a prime number?
False
Is 29813 a composite number?
True
Is 32687 a prime number?
True
Is 549569 a composite number?
False
Is 103706 prime?
False
Is 202 a prime number?
False
Is 630809 a prime number?
False
Is 2478517 a composite number?
False
Is 1931 a prime number?
True
Is 15917 prime?
False
Is 11614 a prime number?
False
Is 98342 a composite number?
True
Is 18013 composite?
False
Is 4597 a prime number?
True
Is 350977 composite?
True
Is 11499 a prime number?
False
Is 61709 composite?
True
Is 439631 composite?
False
Is 2605 prime?
False
Is 337629 prime?
False
Is 155159 prime?
False
Is 25793 a composite number?
False
Is 71879 a prime number?
True
Is 749 composite?
True
Is 738723 a prime number?
False
Is 105199 composite?
False
Is 754597 a composite number?
False
Is 248739 composite?
True
Is 37067 prime?
False
Is 330797 composite?
True
Is 212929 a prime number?
False
Is 5951 a prime number?
False
Is 34253 a composite number?
False
Is 142001 a prime number?
False
Is 25859 a prime number?
False
Is 843527 a composite number?
False
Is 295187 composite?
False
Is 1141921 a composite number?
True
Is 3019 prime?
True
Is 66773 composite?
True
Is 6866 composite?
True
Is 20609 prime?
False
Is 57829 a composite number?
False
Is 15013 a prime number?
True
Is 13669 prime?
True
Is 1569709 composite?
True
Is 270415 a composite number?
True
Is 9986 a composite number?
True
Is 29243 composite?
False
Is 110291 a prime number?
True
Is 2571 composite?
True
Is 232073 a prime number?
True
Is 7493 prime?
False
Is 10379 a composite number?
True
Is 131179 a composite number?
True
Is 899939 prime?
True
Is 24257 prime?
False
Is 24281 prime?
True
Is 2704805 composite?
True
Is 148822 a composite number?
True
Is 1319 a prime number?
True
Is 2371 composite?
False
Is 65483 a prime number?
False
Is 4391 composite?
False
Is 7909 a prime number?
False
Is 14119 composite?
True
Is 31469 a prime number?
True
Is 257053 prime?
True
Is 72122 composite?
True
Is 3935 a prime number?
False
Is 549293 a prime number?
False
Is 342131 composite?
False
Is 1689847 prime?
True
Is 3589 a prime number?
False
Is 673879 a prime number?
True
Is 6521 a prime number?
True
Is 241207 composite?
False
Is 1465 a composite number?
True
Is 139547 a prime number?
True
Is 118127 a composite number?
False
Is 649 a prime number?
False
Is 4481 a composite number?
False
Is 2299447 prime?
True
Is 33094 a composite number?
True
Is 876455 a composite number?
True
Is 818509 a composite number?
False
Is 57119 prime?
True
Is 707321 a prime number?
True
Is 32107 a prime number?
False
Is 15481 a prime number?
False
Is 28781 a prime number?
False
Is 13829 composite?
False
Is 659 a prime number?
True
Is 6287 composite?
False
Is 546263 composite?
False
Is 150333 a composite number?
True
Is 28673 a composite number?
True
Is 30161 composite?
False
Is 181865 composite?
True
Is 147919 a prime number?
True
Is 2818861 a composite number?
True
Is 1369 a composite number?
True
Is 1103087 a composite number?
False
Is 66977 a composite number?
False
Is 73913 a prime number?
False
Is 14131 composite?
True
Is 550707 a prime number?
False
Is 41161 composite?
False
Is 701087 prime?
False
Is 77429 a composite number?
True
Is 172259 a composite number?
False
Is 200593 a composite number?
True
Is 94397 composite?
False
Is 1741 composite?
False
Is 12071 a prime number?
True
Is 66995 composite?
True
Is 4513609 prime?
True
Is 56939 prime?
False
Is 218869 composite?
True
Is 4088283 composite?
True
Is 1730671 composite?
False
Is 424559 a prime number?
True
Is 1241467 composite?
False
Is 141601 a composite number?
False
Is 180493 a composite number?
True
Is 653 a prime number?
True
Is 521 a composite number?
False
Is 2357063 a prime number?
False
Is 257 composite?
False
Is 107607 a composite number?
True
Is 96753 a composite number?
True
Is 853837 a prime number?
True
Is 67909 a composite number?
True
Is 151835 a composite number?
True
Is 1817 a composite number?
True
Is 33457 prime?
True
Is 2371 a composite number?
False
Is 4747 a composite number?
True
Is 30035 a prime number?
False
Is 13739 a prime number?
False
Is 3378967 composite?
False
Is 698613 composite?
True
Is 149353 prime?
False
Is 47153 prime?
False
Is 3659 prime?
True
Is 284857 a prime number?
True
Is 3421 a prime number?
False
Is 85783 a composite number?
True
Is 1248289 prime?
False
Is 25867 a prime number?
True
Is 10401 composite?
True
Is 6733 a composite number?
False
Is 57557 prime?
True
Is 26191 composite?
True
Is 955307 a composite number?
False
Is 5531393 prime?
False
Is 4837 a composite number?
True
Is 641111 prime?
False
Is 645001 prime?
False
Is 16979 composite?
False
Is 63949 a prime number?
True
Is 520867 a composite number?
False
Is 129313 a prime number?
True
Is 2779 a composite number?
True
Is 3089 prime?
True
Is 5567 a prime number?
False
Is 44305 composite?
True
Is 88861 a prime number?
True
Is 9865 a composite number?
True
Is 3551 a composite number?
True
Is 151265 a composite number?
True
Is 10937 prime?
True
Is 2045 composite?
True
Is 987793 a prime number?
True
Is 34781 a prime number?
True
Is 287977 a prime number?
True
Is 393947 a composite number?
False
Is 235859 composite?
True
Is 46853 composite?
False
Is 196289 prime?
False
Is 1694291 a composite number?
False
Is 45767 a prime number?
True
Is 75511 a prime number?
True
Is 3403 a composite number?
True
Is 1122271 a prime number?
False
Is 15403 prime?
False
Is 494873 a composite number?
False
Is 12011 composite?
False
Is 1130357 prime?
False
Is 129841 a composite number?
False
Is 1693 a composite number?
False
Is 224701 a prime number?
False
Is 63695 composite?
True
Is 217043 a prime number?
False
Is 1165511 prime?
True
Is 1215349 a prime number?
True
Is 615857 prime